-7 - -9)).
-15
(5 - (-39 + (-2 - -22))) + -40
-16
What is the value of 38 + (17 - 40 - 54)?
-39
What is the value of -23 - (27 + (25 - 44))?
-31
5 + 0 + (-23 + 60 - 33) + -4 - -6
11
Calculate (21 - 14) + -16 + 8 + 111 + 8.
118
2 + -50 + 102 - 107
-53
3 + -14 - (-165 + (129 - 49) - (1 + 14))
89
What is 20 + 41 + 48 + -243 + 8?
-126
Evaluate 39 + (40 - 39) + -16.
24
Evaluate (34 - (90 + -37)) + 56.
37
-11 - -8 - -20 - (65 - 28)
-20
Evaluate 8 - ((0 - -8) + 8 - 12).
4
What is 2 - (2 + -17 + 17 + 6)?
-6
Calculate (-18 - 15) + -10 - -9 - (-8 + (0 - -3)).
-29
What is 0 - 17 - ((-19 - (1 + -7 - 22)) + -8)?
-18
What is -5 + (-3 - (-77 + (0 - 6) + -2 + -3))?
80
-3 + (4 + 1 - (-6 - -43 - 37))
2
Calculate -88 + (18 - -10) - -13.
-47
What is 36 + 36 + -127 - (2 - 1 - (3 - -8))?
-45
Calculate 237 - 518 - -264 - (15 + (1 - 2)).
-31
Evaluate 29 + 13 + -30 + (-47 - 20).
-55
Calculate 6 + (52 - 54) + (-2 - 40) + -5 - -3.
-40
What is -46 - -45 - (-17 + 66)?
-50
What is 3 - -3 - 5 - (-275 + 223)?
53
-109 + (-32 - -170) + 57
86
What is the value of 19 - (-16 + -73) - 38?
70
-7 + -12 + (-90 - -62)
-47
What is the value of 52 - (-6 - 2) - (-404 + 390)?
74
Calculate 26355 + -26366 + -2 + (1 - (-1 + -1)).
-10
What is the value of -11 - (-24 - (24 - 98)) - -22?
-39
What is 4 + (15 - -14 - -15) + -3 + (8 - -2)?
55
What is 20 + -1 - (-6 + (13 - 7)) - (-14 - -3)?
30
What is (112 - (123 - 4)) + 97?
90
What is 15 - 13 - (2 + (5 - 0) + (-11 - -14))?
-8
What is the value of -1 + 1 + (3 + -87 - (-89 + 63 - -36))?
-94
Evaluate (311 - 100) + -155 + 26 + -1.
81
Evaluate -285 + 184 + (-8 - -42 - 7).
-74
42 + (99 - 96) + (-4 - 11)
30
Calculate 24 + (4 + 5 - 17) - (55 - 12).
-27
15 + (5 - 40 - -29) + -4 + 76
81
Calculate -58 + (16 - (-60 - (-1 + -37))).
-20
Evaluate 7570 + -7735 + (31 - (2 + 0)).
-136
-8 - (1 - (6 - 4) - 0) - (165 + -160)
-12
What is the value of (-93 + -11 - -15) + -2 + (13 - 0)?
-78
Calculate -45 - ((-17 - -5) + -13 + 38).
-58
Evaluate 11 + -20 + 11 + 7 - 53.
-44
-7 + -30 + 78 - (-3 - -2)
42
What is 58 - (37 - (-49 + 11))?
-17
Calculate -233 + 191 + 9 - (-86 - -1).
52
What is the value of 97 + -39 - (-21 - (10 - 20))?
69
What is 5 - (12 - 5) - -2 - (-535 + 542)?
-7
Evaluate -42 - (26 - 40) - -33.
5
Evaluate -30 + (-43 - -52) - -59.
38
What is -74 + 1 - (-6814 - -6799)?
-58
What is the value of -24 + (-18 - (-2 - 3) - -8)?
-29
Calculate 6 + (16 + -32 - -12) + 41.
43
-64 + 53 + 21 - (0 - -66)
-56
What is the value of 91 + (-126 - 1) - (-1 - -1)?
-36
Evaluate 5 - (-70 - 3) - ((23 - 9) + (-15 - -13)).
66
Evaluate -23 - (-86 + 44 + 25) - -83.
77
Evaluate 28 + 10 + -10 + 7 + -24.
11
What is (-40 - (-27 - (39 - -93))) + -38?
81
Evaluate -4 + 9 + (-3 - -24 - 21) + 34.
39
(15 - 10 - (-13 - -15 - 8)) + (-1 - 1)
9
-52 - -52 - (-42 + (5 + -6 - -4))
39
Calculate -39 - (-24 - (12 - (-6 - -19) - 11)).
-27
What is the value of (134 - 148) + 1 + 21 + (19 - -17)?
44
Evaluate (5 - (-11 - (-17 + (18 - 3)))) + -2 + 1.
13
What is -75 - -111 - (47 + -54)?
43
Evaluate (-11 - 1 - (-7 - (-8 + 27))) + 30.
44
Evaluate -3 - (-4 + (-11 - -6)) - (4 + -15 + -28).
45
Evaluate 4 + -8 + -76 - (-15 + -20 + 22).
-67
What is (17 - 11) + (6 + -4 - 0 - 9) + 25?
24
What is (-6 - (10 - ((16 - -5) + -11))) + 24?
18
What is -59 + (1 - 7 - (-7 + (1 + -3 - -3)))?
-59
What is the value of 0 + 1 + 2 + (-17 - -6) + (468 - 500)?
-40
Evaluate 0 + -20 - ((7 - (19 - 13)) + -4 + -2).
-15
Evaluate -87 - (15 - 11) - (1 + -7) - (10 + -11).
-84
What is the value of -21 - 2 - (7270 + -7349)?
56
What is -158 + (51 - (-89 + 61))?
-79
15 + -4 - (48 - 80) - -8
51
Evaluate 109 + -114 - (-15 - 3).
13
What is -21 + (-14 - -3) + -2 + 30 - -73?
69
(-29 - (-87 + 180)) + 0 + -12 + 16
-118
What is the value of (89 - 27 - 60) + 5 + -4 + -36?
-33
Calculate -24 + 9 + -6 - ((0 + -7 - -7) + 4).
-25
Evaluate -5 - (-93 - -213) - -108.
-17
Calculate (2 - 15) + (16 - (194 + -176)).
-15
Evaluate 84 - 43 - (13 - 4).
32
11 + (-3 + -6 - (-17 + 3 + -3) - 17)
2
25 + 0 - (582 + -557) - 64
-64
What is the value of (134 - 87) + 1 + -10 + 0 + 5?
43
Evaluate -56 + -1 - (121 + -64 + -74).
-40
(56 + -42 - (11 - -2)) + 8
9
What is -8 + -10 + 8 - 5 - -7 - (-25 - -72)?
-55
What is 18 + (-28 - (-37 + 41))?
-14
What is 3 + -13 - (-77 - -33)?
34
What is -75 + (236 - 111 - 122)?
-72
What is -8 + 28 + -2 + 4 + (-8 - 2)?
12
Calculate 5 - (-10 + 47 + (16 - 24 - -1)).
-25
1 - -1 - (911 - 918)
9
What is the value of -45 - (2 - 4) - (-101 + 51 + 48)?
-41
What is -87 + (102 - 49) - (3 + 6)?
-43
Calculate 22 + -2 - -18 - (-7 + (7 - 15 - -6)).
47
What is (-54 - (-59 + 29)) + 3 - -2?
-19
(5 - (-43 + -2)) + -53 + 17
14
Evaluate 70 + -98 - (-12 + -6 + 2 + 7).
-19
What is the value of ((-25 - -11) + 4 - -26 - (-5 - -11)) + 65?
75
Calculate -11 + (-6 - -15 - -3 - 30) - 7.
-36
What is the value of 35 + -7 + 2 + -18?
12
Evaluate -4 + -66 + -4 - (-145 + 186 + -50).
-65
What is the value of ((-2 - -10) + (5 - 19) - 4) + 10?
0
Calculate 38 + (3 - 5) + (-1043 - -1051).
44
What is -7 + (32 - 12) + (1 - 11 - -16)?
19
Evaluate 15 + (-27 - (-30 - -20)) + 43.
41
What is -23 - (-53 + 31 + 3)?
-4
Calculate 0 + -10 + (1659 - 1568) + (10 - 2).
89
What is the value of 9 + -3 - (-11 + (9 - (5 + -2)) + -37)?
48
Evaluate 0 + 102 + (11144 - 11268).
-22
Evaluate (7 - -2 - -2) + (90 - -14) + -94.
21
Calculate 61 + 2 - (-48 + (19 - -3)) - (8 + 1).
80
What is -178 + 111 + (21 - 7)?
-53
Evaluate 31 - (-6 + 24 + (-23 - 6)).
42
What is (34 - (-12 + 30)) + -31 + 0 + -90?
-105
(7 - (67 + -25 - (2 + 4)) - -1) + -8
-36
What is the value of 2 - (0 - -20 - 5) - -19?
6
(11 - 10 - -5) + -28 - (-2 - -2)
-22
What is -59 + -5 + -2 + 4 + (-1 - -47 - 36)?
-52
Calculate 40 - (4 + -3 + -2 - (11 - (1 - -18))).
33
Calculate 58 + -192 + 80 - -138.
84
Calculate 1 - 2 - -36 - (1269 + -1275).
41
Calculate -139 + (189 - 120) + (-2 + 2 - 17).
-87
Evaluate (-24 - (5 + -8)) + 103 + -76.
6
What is 9 - (14 + (-1 - 1) - ((41 - 75) + 27))?
-10
What is the value of 28 + -45 + 61 + -8?
36
What is the value of -15 + -1 + (39 - (-141 + 94))?
70
What is the value of (-10 - (24 + -15)) + -5 + 1?
-23
What is the value of (-22 - (3 - (7 - -34))) + 14?
30
What is the value of 2 + (-17 + 21 + 9 - 67)?
-52
What is the value of (-23 + 4 - (-42 - -34 - 12)) + 0?
1
Evaluate 9 + 5 + (-77 - -29).
-34
What is the value of (-15 - -21) + (56 - 57)?
5
What is -10 - (-5 - (-9 + 10)) - (-87 + (-24 - -22))?
85
What is (-108 - 4) + -7 + 39 - -19?
-61
Calculate -110 + 165 + -75 + -94.
-114
Evaluate -29 + 11 + 47 - -11.
40
Evaluate (-2 + 0 - (5 + 27 - -6) - 13) + 6.
-47
What is 1 + 24 - ((-13 - -48) + -23) - (51 - -27)?
-65
What is the value of (-6 + (37 - 31) - (-12 + (1 - -2))) + -97?
-88
What is the value of 11 + 2 - ((-42 - (8 + -8)) + (23 - 29))?
61
Calculate 102 + (-131 - -3) - 44.
-70
2 + 3 + 43 + -8 + 1 - (-4 - 3)
48
Evaluate -10 - (-7 - 3 - (-36 + 19 - -29)).
12
Evaluate (4 - 0) + -5 - (-17 + 0 + 15) - -98.
99
29 + (61 - 100) - ((6 - 4) + -3 - -6)
-15
What is the value of 54 + 14 + (-148 - -77)?
-3
What is (-65 - (-20 + -35)) + -7?
-17
Evaluate (-130 - -107) + (-75 - -49 - (-8 - 0)).
-41
Evaluate 21 - (-31 + 12 - -10) - 9.
21
What is 29 + 7 + (-21 - -1) - -27?
43
What is 2 - 88 - (-3136 - -3131)?
-81
Evaluate 35 + (-2 - (3 - 13 - -13)).
30
(5 - 1) + 15 + -6 + -2
11
61 - (22 + 97) - -27
-31
-5 + (43 - 37 - -14)
15
Evaluate 0 - (-106 + 3 - -221).
-118
What is the value of 16 - 2 - (46 + -36 - -3)?
1
What is 4 - (19 + 13) - 22 - -4?
-46
Calculate 3 + -42 + 149 + -103 - ((1 - 2) + -39).
47
What is -18 + -41 + 86 + (-2 - 88)?
-63
Evaluate 14 + -17 + (-15 - -73).
55
(19 - 19) + -9 + -5 + 26 - 15
-3
What is the value of (-10 + 2 - -1) + (379 - 376)?
-4
-34 + -17 + 34 + -27 + -4
-48
What is the value of 30 + (-9 - 25 - 49) + 26?
-27
Evaluate 8 + (20 - (-15 + 26 + -20)).
37
14 + 0 + (56 - (89 - (-48 - -111)))
44
Calculate 8 - (-39 + 26 + (0 - -1) + 27).
-7
Calculate -16 + (51 - 17) - -2 - -13.
33
Calculate 9 - ((-9 - -5) + -2 + 6 + 10).
-1
Evaluate -3 + -1 - (-124 + (35 - (47 - 40))).
92
(63 - 60) + (-2 + 5 - 5 - 3)
-2
Evaluate -66 + (-98 - -156) - (6 - 1).
-13
(-29 - (-98 + 67)) + -42
-40
What is (14 + -22 - -1) + 10 + (1 - 1)?
3
-24 + (0 - 34) - (30 - (28 + -15))
-75
What is the value of 3 + -6 + 34 + 27?
58
-15 - -9 - (-4 - -6 - -2) - 2
-12
What i